-3 + 5)*g/2?
461
Let p = -256 - -514. Let k = 13 - 10. Suppose -k*q = -3*u + p, q = 5*q. List the prime factors of u.
2, 43
Let n be 778 + (-5 - ((-24)/(-4) + -7)). Let z = -361 + n. What are the prime factors of z?
7, 59
Suppose 97359 = -22*v + 494557 + 100266. List the prime factors of v.
2, 5653
Let b(o) = -7*o - 40. Let i be b(-6). Suppose -1495 = -3*c - u, i*c + 2*u - 1437 = -443. What are the prime factors of c?
499
Let h = 30 + -27. Suppose 0 = h*y - 18 + 3. List the prime factors of (3025/9)/y + (-6)/27.
67
Let j(z) = 834*z + 12. Let p be j(2). Suppose -4*m + 140 = -p. List the prime factors of m.
5, 7, 13
Let s(d) = -5*d**2 + 18 - 6*d - 16 + 52*d**2 - 3*d**2. List the prime factors of s(-3).
2, 13
Suppose -599*v + 348040 = -591*v. List the prime factors of v.
5, 7, 11, 113
List the prime factors of (-9210)/3*(-6 + 5 + 1/(-2)).
3, 5, 307
Suppose -108*t = 5*b - 110*t - 83891, -b + 16786 = -3*t. What are the prime factors of b?
19, 883
Let r(d) = 19302*d + 954. List the prime factors of r(2).
2, 3, 19, 347
Suppose 80*l - 955794 - 281781 = 1058185. What are the prime factors of l?
28697
Let o(p) be the second derivative of p**5/10 + 2*p**4/3 - 7*p**3/6 + p**2 + 4*p + 21. What are the prime factors of o(6)?
2, 5, 17
Suppose -234*h + 126 = -227*h. What are the prime factors of (-918)/4*(132/h - 8)?
3, 17
Let u(r) = 3*r**3 + 37*r**2 - 101*r - 2. List the prime factors of u(10).
2, 3, 79
Let w(p) = -7*p**2 - 10 - 3*p - p**3 - 7*p**2 - p - 3*p. Suppose 4*d - 7*x + 60 = -3*x, 0 = -4*d + 2*x - 58. What are the prime factors of w(d)?
2, 11
Let q be 9/15*(-5)/(-1). Let f be 146 - 27/12*(-32)/(-12). Suppose 0 = 5*r - 2*h - f - q, -4*r + 112 = -4*h. List the prime factors of r.
29
Let a(m) = 28*m + 4. Suppose 0 = -4*t + b + 40 + 3, 5*t + 3*b = 58. List the prime factors of a(t).
2, 3, 13
Suppose 3*k - 4 - 644 = 0. Suppose -v = -48 - k. Suppose h = -5*h + v. What are the prime factors of h?
2, 11
Suppose 9*p - 17*p + 376 = 0. List the prime factors of (-3 - 100/(-16))*(p + 1).
2, 3, 13
Suppose -4*f - 8*b + 95384 = -9*b, -119230 = -5*f - 5*b. What are the prime factors of f?
2, 11923
Let m = 4933 - 3835. What are the prime factors of m?
2, 3, 61
Suppose 8 = b - 2. Let x be 9*b - 9/3. Suppose -2*v = -x - 209. What are the prime factors of v?
2, 37
Let i(t) be the first derivative of 11/2*t**2 - 2 - 17/3*t**3 - 10*t - 1/4*t**4. List the prime factors of i(-18).
2, 29
Let p(s) = -s**2 - 9*s + 10. Let h be p(-9). Suppose -760 = 5*k - h*k. Suppose 8*l = 10*l - k. List the prime factors of l.
2, 19
Let b(r) = -4*r + 2. Let x(c) = 18*c + 11. Let d(v) = -4*b(v) - 2*x(v). Suppose 18 = -3*i - 0*i. What are the prime factors of d(i)?
2, 3, 5
Let b be 3 + -2 + 11 + 3. Let d be (-5904)/(-40) - (-6)/b. Let m = d - 72. What are the prime factors of m?
2, 19
Suppose 8*q = -18*q. Suppose 0 = 4*y + 8, q = 2*z - 2*y - 599 - 941. What are the prime factors of z?
2, 3
Let h(b) = -b**3 + 4*b**2 + 4*b - 6. Let m be h(4). Suppose m = 3*j - 2. What are the prime factors of j + (0 - -47 - 3)?
2, 3
Let c(d) = d**3 - 22*d**2 + 21*d - 330. List the prime factors of c(23).
2, 11, 31
Let p = 12583 - -56139. What are the prime factors of p?
2, 34361
List the prime factors of (-5486)/(((-24)/(-64))/((-3)/4)).
2, 13, 211
Let b be 7/((-14)/(-598)) - 3. List the prime factors of 6 + b + 24/4.
2, 7, 11
Let i(m) = -43*m**3 - 2*m - 4. Let b be (-5)/(-2)*((-92)/(-10) - 10). What are the prime factors of i(b)?
2, 43
Suppose 0 = -2*x + 7*x - 15. Let b(t) = -19*t**2 + 4*t + 15*t**2 - 4 - 9*t**3 + 12*t**x. List the prime factors of b(2).
2, 3
List the prime factors of 11241/4 - 109/436.
2, 5, 281
Suppose -21*d = 15892 + 49166. Let y = -1738 - d. What are the prime factors of y?
2, 5, 17
Let q(z) = -29 - 11*z - 7 + 20*z + 11*z. Let i be q(6). Suppose 2*m - i = -14. List the prime factors of m.
5, 7
Let s = 60 - 44. Let l be (-24)/s - (-9)/6. Suppose -6*a + l*a = -66. What are the prime factors of a?
11
Suppose 0 = 88*d - 1421707 + 683041 - 2183550. List the prime factors of d.
3, 11069
Suppose -f = -3*b + 5, 0 = 5*b - 3*f - 1 - 2. Suppose 5*r - b*c - 470 = 227, -5*c + 665 = 5*r. What are the prime factors of r?
137
Let z(y) = 6*y**2 + 8*y - 10. Let o be z(3). Suppose -o*j + 33327 = -47*j. What are the prime factors of j?
3, 23
Suppose -65*d - 32 = -73*d. List the prime factors of (808 - (-3 - 5)) + d.
2, 5, 41
Let s be 4*(2/8 - (42 + -43)). Suppose -825 = -b - 7*x + 3*x, 4*b = -s*x + 3245. What are the prime factors of b?
5, 7, 23
Let k be 78/(-273) + (-6948)/(-14). Suppose t - k = -2*j, -3*t = -j + 4*j - 1479. What are the prime factors of t?
2, 5, 7
Let p be 5/(5/(-3)) + (-7 - -24). List the prime factors of (1683/(-6))/((-7)/p).
3, 11, 17
Suppose 0 = -5*s + 84 + 81. Let a be (s/4)/(1/(-4)). List the prime factors of -3 - -5 - (3 + -1 + a).
3, 11
What are the prime factors of (51/6)/(1/1198)?
17, 599
Let s(f) = 5*f**2 - 6*f - 6. Let p be ((-2)/(-4)*1)/(4/(-48)). What are the prime factors of s(p)?
2, 3, 5, 7
What are the prime factors of 7713 + ((-264)/54 - 1/9)?
2, 41, 47
What are the prime factors of (2132530/105 - (-2)/6) + (-16)/112?
2, 3, 5, 677
Let r(y) = -28*y**3 - 4*y**2 - y + 3. Let q be (5 + 1)/(-2) + 1. Let c be r(q). Suppose c = 2*s + s - 3*m, -s = -4*m - 80. List the prime factors of s.
2, 17
What are the prime factors of ((4 - 1583) + -7)/(((-15)/39)/5)?
2, 13, 61
Suppose -318 = 7*k - 5*k. Let x = 171 - k. Let z = 539 - x. List the prime factors of z.
11, 19
Let k = 7 - 21. What are the prime factors of -1 + 6454/49 + (-4)/k?
131
Suppose 3*f + 2*z - 7676 = 0, -4*f = -29*z + 34*z - 10244. What are the prime factors of f?
2, 3, 71
Suppose -4*f + 3*k + 225 = -1256, 4*k - 4 = 0. Let c = f + 160. What are the prime factors of c?
3, 59
Let m = 2220 + -1532. Let w = m + -279. Suppose 4*l + i - w = 4*i, 4*l + 4*i - 388 = 0. List the prime factors of l.
2, 5
Let a(o) = 1891*o - 7086. List the prime factors of a(10).
2, 739
Suppose 2*y = -3*s + 21, -s - 17*y = -13*y - 7. What are the prime factors of 517219/427 + (-2)/s?
7, 173
Let t = -42 + 17. Let v = 30 + t. Suppose 0 = -d + v*w + 41, 3*d - 23 = 2*d - w. List the prime factors of d.
2, 13
List the prime factors of 25/(-200) + 153961/8.
3, 5, 1283
Let c(j) = 3*j - 32. Let l be c(-22). Let p = -84 + l. Let m = -92 - p. List the prime factors of m.
2, 3, 5
Suppose 2*n - 115314 = -2*v + 6*n, -8*v = 4*n - 461396. What are the prime factors of v?
101, 571
List the prime factors of 25860 - (20 - 17 - 6).
3, 37, 233
Suppose 57337 = 3*u - i, 49*u - 3*i + 19109 = 50*u. List the prime factors of u.
2, 2389
Suppose -52*n = -55*n + 3*w + 573, 3*w - 591 = -3*n. What are the prime factors of n?
2, 97
Let m(b) = 425*b**2 + b - 1. Suppose 38 - 6 = -32*z. List the prime factors of m(z).
3, 47
Suppose 3*i + l = 34, 92*l + 20 = 2*i + 90*l. Let z be (-151)/(-4) - 6/8. Suppose -z = -3*j + i. What are the prime factors of j?
2
List the prime factors of 0 - -8329 - 10 - -10.
8329
Suppose -s + 1 + 4 = 0. Suppose 4*b = -y + 4, -5*b - y = 3 - 9. Suppose -w + 82 = -b*h, h + 434 = s*w - 3*h. List the prime factors of w.
2, 3, 5
Suppose 152*p = -766134 + 5746148 + 5482906. List the prime factors of p.
3, 5, 13, 353
Let w(c) = -c**3 - 23*c**2 - 23*c - 6. Let j be w(-22). Suppose -j*x = 3*x - 29583. List the prime factors of x.
3, 173
Suppose -24 = -21*n + 18. Suppose 452 = n*s + 2*x, -s + 5*x - 106 = -356. What are the prime factors of s?
2, 5, 23
Let z = 234 + -473. Let k = -57 - z. What are the prime factors of k?
2, 7, 13
Suppose -4*g = -4*q + 16, -q + 0*g = -2*g - 5. Suppose -6*a + 4*a + 640 = 0. Suppose q*j - 142 = a. List the prime factors of j.
2, 7, 11
Suppose -6493*o + 90316 - 352201 = -6506*o. List the prime factors of o.
3, 5, 17, 79
Suppose 9*z - 44843 = -9464. What are the prime factors of z?
3931
Suppose 5*u = -5*j + 67106 - 22026, 0 = 4*j + 28. What are the prime factors of u?
7, 1289
Let h = -19149 + 28575. List the prime factors of h.
2, 3, 1571
Let c be 3*-1*4256/(-24). What are the prime factors of c - (-7)/(21/18)?
2, 269
Let r(w) = -33*w + 519. List the prime factors of r(-7).
2, 3, 5
Let c(u) = -39*u - 43. Suppose -i + 25 = -3*p, 15*i = -p + 18*i - 19. List the prime factors of c(p).
2, 5, 23
Let a(g) = 8*g**2 - 4*g + 38. Let l be a(-16). S